?
True
Is 37619 prime?
True
Is 52853 prime?
False
Is 1163 composite?
False
Is 34057 a prime number?
True
Is 15943 composite?
True
Is 747199 prime?
True
Is 128237 composite?
False
Is 10529 composite?
False
Is 20573 a prime number?
False
Is 79559 a prime number?
True
Is 39749 prime?
True
Is 586077 composite?
True
Is 21557 a prime number?
True
Is 4439 composite?
True
Is 5098919 a composite number?
True
Is 70673 a composite number?
True
Is 63377 prime?
True
Is 269441 a prime number?
True
Is 67739 prime?
False
Is 15901 prime?
True
Is 320063 a composite number?
False
Is 334681 composite?
False
Is 36167 a prime number?
False
Is 712781 a prime number?
True
Is 60317 a prime number?
True
Is 1532741 a prime number?
False
Is 3791 a composite number?
True
Is 6911 prime?
True
Is 27917 composite?
False
Is 113347 prime?
False
Is 70795 a prime number?
False
Is 27173 composite?
True
Is 123889 composite?
True
Is 11993 a composite number?
True
Is 5297 a prime number?
True
Is 111029 a composite number?
False
Is 60747 a composite number?
True
Is 424477 a prime number?
False
Is 2361 composite?
True
Is 404483 composite?
False
Is 655841 a prime number?
False
Is 189067 a prime number?
True
Is 12451 composite?
False
Is 613 a prime number?
True
Is 2193979 a composite number?
False
Is 12583 composite?
False
Is 754181 a prime number?
True
Is 22201 composite?
True
Is 497 a prime number?
False
Is 465961 prime?
False
Is 1889 composite?
False
Is 122443 prime?
True
Is 219577 a composite number?
False
Is 5939 composite?
False
Is 1577 composite?
True
Is 80917 composite?
False
Is 124417 a prime number?
False
Is 170531 composite?
True
Is 1214 composite?
True
Is 2731 a prime number?
True
Is 424889 prime?
True
Is 17777 composite?
True
Is 649 prime?
False
Is 30631 prime?
True
Is 50449 composite?
True
Is 310645 a composite number?
True
Is 87817 prime?
False
Is 4831 a composite number?
False
Is 64551 prime?
False
Is 702071 composite?
True
Is 2813 composite?
True
Is 9029 composite?
False
Is 323143 a composite number?
True
Is 10037 a prime number?
True
Is 77137 composite?
False
Is 442961 composite?
False
Is 172279 composite?
False
Is 452377 a prime number?
True
Is 40063 a composite number?
False
Is 1357333 a prime number?
True
Is 81709 a prime number?
False
Is 50849 composite?
False
Is 27239 a composite number?
False
Is 1657 a composite number?
False
Is 130729 prime?
True
Is 187945 a prime number?
False
Is 20849 a prime number?
True
Is 147883 prime?
False
Is 44999 a composite number?
True
Is 3433 composite?
False
Is 12403 a prime number?
False
Is 2953523 a composite number?
False
Is 129547 composite?
True
Is 7781 prime?
False
Is 1623187 prime?
False
Is 653 a composite number?
False
Is 125291 a composite number?
True
Is 91229 composite?
False
Is 75913 prime?
True
Is 45829 a prime number?
False
Is 7499 a composite number?
False
Is 251 prime?
True
Is 683245 a prime number?
False
Is 373091 a prime number?
True
Is 44261 a composite number?
True
Is 630817 prime?
False
Is 1777 prime?
True
Is 1018805 a composite number?
True
Is 136943 prime?
True
Is 98801 composite?
False
Is 90053 a composite number?
False
Is 50114 a prime number?
False
Is 453851 composite?
False
Is 47761 a prime number?
False
Is 2377241 a prime number?
True
Is 5069 prime?
False
Is 2609 a composite number?
False
Is 43141 prime?
False
Is 407471 a composite number?
False
Is 273983 a prime number?
False
Is 112061 composite?
False
Is 26305 a composite number?
True
Is 61001 composite?
False
Is 4751 prime?
True
Is 56873 composite?
False
Is 153557 composite?
False
Is 23549 a prime number?
True
Is 64705 composite?
True
Is 18113 prime?
False
Is 114739 a composite number?
True
Is 28403 prime?
True
Is 1888559 composite?
False
Is 161453 a composite number?
False
Is 151709 a composite number?
True
Is 85297 prime?
True
Is 40501 a prime number?
False
Is 336263 composite?
False
Is 142909 composite?
True
Is 10231 a prime number?
False
Is 122693 a composite number?
False
Is 294167 a composite number?
False
Is 54469 composite?
False
Is 162007 a prime number?
True
Is 186611 a composite number?
True
Is 44617 a prime number?
True
Is 5834 composite?
True
Is 400469 composite?
True
Is 4379 a prime number?
False
Is 1022041 prime?
False
Is 22019 a prime number?
False
Is 77461 a prime number?
False
Is 366119 a composite number?
True
Is 367522 prime?
False
Is 4479 a composite number?
True
Is 106793 composite?
True
Is 38417 prime?
False
Is 126427 prime?
False
Is 72583 composite?
True
Is 174467 a composite number?
False
Is 47111 a composite number?
False
Is 125591 composite?
False
Is 4853 a prime number?
False
Is 97057 a prime number?
False
Is 254557 a composite number?
False
Is 29383 composite?
False
Is 81509 a prime number?
True
Is 377453 composite?
True
Is 116029 prime?
False
Is 507907 a prime number?
True
Is 68917 prime?
True
Is 14797 prime?
True
Is 9194971 prime?
True
Is 3067 prime?
True
Is 2149723 composite?
True
Is 74701 a prime number?
False
Is 4667 a prime number?
False
Is 451361 a composite number?
False
Is 52169 a prime number?
False
Is 49079 prime?
False
Is 156577 a composite number?
False
Is 104267 a prime number?
False
Is 224137 composite?
True
Is 25523 a prime number?
True
Is 321163 a composite number?
False
Is 121487 a composite number?
False
Is 901819 prime?
True
Is 73001 prime?
False
Is 1903 a prime number?
False
Is 12097 a composite number?
False
Is 555463 a prime number?
False
Is 367949 a composite number?
False
Is 407393 a composite number?
True
Is 13001 prime?
True
Is 156763 a prime number?
False
Is 1050797 composite?
True
Is 131329 prime?
False
Is 713551 a prime number?
False
Is 723211 a composite number?
True
Is 668903 a composite number?
False
Is 2237 prime?
True
Is 140167 a composite number?
False
Is 23557 a composite number?
False
Is 83141 a composite number?
True
Is 43111 composite?
True
Is 514765 a composite number?
True
Is 357557 a prime number?
False
Is 87833 a composite number?
False
Is 26081 a prime number?
False
Is 13247 a prime number?
False
Is 46327 composite?
False
Is 213149 a composite number?
False
Is 1399 a composite number?
False
Is 184109 composite?
True
Is 76598 a prime number?
False
Is 1440611 a prime number?
True
Is 971 a prime number?
True
Is 9113 prime?
False
Is 43223 a composite number?
False
Is 64151 a composite number?
False
Is 15357 prime?
False
Is 9677 prime?
True
Is 63253 a composite number?
True
Is 2061109 prime?
True
Is 761 prime?
True
Is 384953 a prime number?
False
Is 4911 composite?
True
Is 30737 a prime number?
False
Is 1517 a prime number?
False
Is 7403 a prime number?
False
Is 4691 prime?
True
Is 21557 a composite number?
False
Is 39778 prime?
False
Is 82151 a composite number?
True
Is 98537 composite?
True
Is 9181 prime?
True
Is 330569 composite?
False
Is 118127 prime?
True
Is 29689 a prime number?
False
Is 305 a composite number?
True
Is 99059 composite?
True
Is 18901 a prime number?
False
Is 28741 a prime number?
False
Is 61861 a prime number?
True
Is 6333 a composite number?
True
Is 7031 composite?
True
Is 11677 composite?
False
Is 163109 a composite number?
False
Is 5227 composite?
False
Is 211201 composite?
True
Is 3319 composite?
False
Is 475889 prime?
True
Is 2777 a prime number?
True
Is 77887 a prime number?
False
Is 7243685 a composite number?
True
Is 62039 composite?
False
Is 26447 prime?
False
Is 5941 a composite number?
True
Is 57871 prime?
False
Is 18947 a composite number?
False
Is 49103 composite?
False
Is 257419 composite?
True
Is 12131 composite?
True
Is 6742 composite?
True
Is 1608083 composite?
False
Is 52859 prime?
True
Is 7993 prime?
True
Is 1291 a prime number?
True
Is 11197 composite?
False
Is 307 a prime number?
True
Is 89227 prime?
True
Is 1471 prime?
True
Is 5923 prime?
True
Is 52987 prime?
False
Is 121718 a prime number?
False
Is 24193 a composite number?
True
Is 2302 a composite number?
True
Is 4463 prime?
True
Is 191089 a prime number?
True
Is 146867 prime?
False
Is 1944347 composite?
True
Is 183803 a composite number?
True
Is 797 a composite number?
False
Is 331 a prime number?
True
Is 46373 a composite number?
True
Is 7621 a prime number?
True
Is 10529 a composite number?
False
Is 73819 composite?
False
Is 1399 composite?
False
Is 7765 a composite number?
True
Is 